{"id":133,"date":"2019-01-07T16:32:17","date_gmt":"2019-01-07T15:32:17","guid":{"rendered":"http:\/\/xn--arb-dma.fr\/?page_id=133"},"modified":"2021-01-20T13:54:31","modified_gmt":"2021-01-20T12:54:31","slug":"senteur-darbe","status":"publish","type":"page","link":"https:\/\/xn--arb-dma.fr\/?page_id=133","title":{"rendered":"Senteurs d&rsquo;Arb\u00e9"},"content":{"rendered":"\n<p><strong>NOUVEAU<\/strong>: D\u00e9couvrez nos toutes nouvelles bougies \u00ab\u00a0Senteurs d&rsquo;Arb\u00e9\u00a0\u00bb. <\/p>\n\n\n\n<div class=\"wp-block-image\"><figure class=\"aligncenter is-resized\"><img loading=\"lazy\" src=\"http:\/\/xn--arb-dma.fr\/wp-content\/uploads\/2020\/02\/7-retouch\u00e9e-2-1024x683.jpg\" alt=\"\" class=\"wp-image-175\" width=\"435\" height=\"289\" srcset=\"https:\/\/xn--arb-dma.fr\/wp-content\/uploads\/2020\/02\/7-retouch\u00e9e-2-1024x683.jpg 1024w, https:\/\/xn--arb-dma.fr\/wp-content\/uploads\/2020\/02\/7-retouch\u00e9e-2-300x200.jpg 300w, https:\/\/xn--arb-dma.fr\/wp-content\/uploads\/2020\/02\/7-retouch\u00e9e-2-768x512.jpg 768w, https:\/\/xn--arb-dma.fr\/wp-content\/uploads\/2020\/02\/7-retouch\u00e9e-2-830x553.jpg 830w, https:\/\/xn--arb-dma.fr\/wp-content\/uploads\/2020\/02\/7-retouch\u00e9e-2-230x153.jpg 230w, https:\/\/xn--arb-dma.fr\/wp-content\/uploads\/2020\/02\/7-retouch\u00e9e-2-350x233.jpg 350w, https:\/\/xn--arb-dma.fr\/wp-content\/uploads\/2020\/02\/7-retouch\u00e9e-2-480x320.jpg 480w\" sizes=\"(max-width: 435px) 100vw, 435px\" \/><\/figure><\/div>\n\n\n\n<div class=\"wp-block-button aligncenter\"><a class=\"wp-block-button__link\" href=\"https:\/\/arbe-boutique.fr\/\"><strong>Boutique en ligne&nbsp;<\/strong><\/a><\/div>\n\n\n\n<p>Nous r\u00e9alisons des bougies 100% naturelles fabriqu\u00e9es de mani\u00e8re artisanale et fran\u00e7aise.  Les bougies sont confectionn\u00e9es avec de la cire naturelle de colza et de soja ou de la cire d&rsquo;abeille. Les m\u00e8ches sont en 100% coton. Nos parfums sont directement \u00e9labor\u00e9s dans des laboratoires \u00e0 Grasse. <\/p>\n\n\n\n<p>Nos jolies bougies sont enti\u00e8rement r\u00e9alis\u00e9es au sein des locaux de l&rsquo;entreprise \u00e0 Dolomieu (Is\u00e8re). Elles sont fabriqu\u00e9es \u00e0 la main par notre \u00e9quipe. <\/p>\n\n\n\n<p>Il est possible de personnaliser \u00e0 votre guise la bougie, laissant le choix de l&rsquo;odeur, du contenant, mais aussi de l&rsquo;\u00e9tiquette (\u00e9v\u00e9nement, nom de l&rsquo;entreprise, institut, restaurant&#8230;). <\/p>\n\n\n\n<p>Le contenant standard est de 20Cl.\nIl est \u00e9galement possible de r\u00e9aliser les bougies dans des mugs (33Cl).&nbsp;<\/p>\n\n\n\n<figure class=\"wp-block-gallery columns-2 is-cropped\"><ul class=\"blocks-gallery-grid\"><li class=\"blocks-gallery-item\"><figure><img loading=\"lazy\" width=\"1024\" height=\"683\" src=\"http:\/\/xn--arb-dma.fr\/wp-content\/uploads\/2020\/02\/Photo-bougie-1024x683.png\" alt=\"\" data-id=\"254\" data-link=\"http:\/\/xn--arb-dma.fr\/?attachment_id=254\" class=\"wp-image-254\" srcset=\"https:\/\/xn--arb-dma.fr\/wp-content\/uploads\/2020\/02\/Photo-bougie-1024x683.png 1024w, https:\/\/xn--arb-dma.fr\/wp-content\/uploads\/2020\/02\/Photo-bougie-300x200.png 300w, https:\/\/xn--arb-dma.fr\/wp-content\/uploads\/2020\/02\/Photo-bougie-768x512.png 768w, https:\/\/xn--arb-dma.fr\/wp-content\/uploads\/2020\/02\/Photo-bougie-360x240.png 360w\" sizes=\"(max-width: 1024px) 100vw, 1024px\" \/><\/figure><\/li><li class=\"blocks-gallery-item\"><figure><img loading=\"lazy\" width=\"1024\" height=\"683\" src=\"http:\/\/xn--arb-dma.fr\/wp-content\/uploads\/2020\/02\/photo-bougie-2-1024x683.png\" alt=\"\" data-id=\"255\" data-link=\"http:\/\/xn--arb-dma.fr\/?attachment_id=255\" class=\"wp-image-255\" srcset=\"https:\/\/xn--arb-dma.fr\/wp-content\/uploads\/2020\/02\/photo-bougie-2-1024x683.png 1024w, https:\/\/xn--arb-dma.fr\/wp-content\/uploads\/2020\/02\/photo-bougie-2-300x200.png 300w, https:\/\/xn--arb-dma.fr\/wp-content\/uploads\/2020\/02\/photo-bougie-2-768x512.png 768w, https:\/\/xn--arb-dma.fr\/wp-content\/uploads\/2020\/02\/photo-bougie-2-360x240.png 360w\" sizes=\"(max-width: 1024px) 100vw, 1024px\" \/><\/figure><\/li><li class=\"blocks-gallery-item\"><figure><img loading=\"lazy\" width=\"1024\" height=\"683\" src=\"http:\/\/xn--arb-dma.fr\/wp-content\/uploads\/2020\/02\/photo-bougie3-1024x683.png\" alt=\"\" data-id=\"256\" data-link=\"http:\/\/xn--arb-dma.fr\/?attachment_id=256\" class=\"wp-image-256\" srcset=\"https:\/\/xn--arb-dma.fr\/wp-content\/uploads\/2020\/02\/photo-bougie3-1024x683.png 1024w, https:\/\/xn--arb-dma.fr\/wp-content\/uploads\/2020\/02\/photo-bougie3-300x200.png 300w, https:\/\/xn--arb-dma.fr\/wp-content\/uploads\/2020\/02\/photo-bougie3-768x512.png 768w, https:\/\/xn--arb-dma.fr\/wp-content\/uploads\/2020\/02\/photo-bougie3-360x240.png 360w\" sizes=\"(max-width: 1024px) 100vw, 1024px\" \/><\/figure><\/li><\/ul><\/figure>\n\n\n\n<p>Une multitude de parfums sont\n\u00e0 d\u00e9couvrir&nbsp;: <\/p>\n\n\n\n<p><em>Parfums de synth\u00e8se&nbsp;: <\/em><\/p>\n\n\n\n<p>Citronnelle \u2013 Fleur de Cerisier \u2013 Biscuit \u00e0 l\u2019orange \u2013 R\u00eave d\u2019orient \u2013 Citron verveine \u2013 Balade en For\u00eat \u2013 Petit Beurre \u2013 Vanille \u2013 Feu de bois \u2013 Choco pralin\u00e9 \u2013 Caf\u00e9 \u2013 Musc \u2013 Ambre \u2013 Caramel \u2013 Patchouli \u2013 Chocolat \u2013 Rose \u2013 Mille Fleurs \u2013 Orchid\u00e9e \u2013 Fleur de coton \u2013 Cerise \u2013 Feuille de Figuier \u2013 Agrumes \u2013 Noix de coco \u2013 Fruits Rouges \u2013 Fleur d\u2019oranger \u2013 Lavande \u2013 Violette \u2013 Muguet \u2013 Bois de santal \u2013 B\u00fbche aux sp\u00e9culos \u2013 Sous le plaid \u2013 Flocon de neige \u2013 Mandarine confite \u2013 Sapin de No\u00ebl \u2013 Cannelle\/Orange \u2013 Pain d\u2019\u00e9pices \u2013 Fruit de la passion \u2013 P\u00eache \u2013 Cuir anglais \u2013 Pivoine \u2013 Miel \u2013 Pomme d\u2019amour \u2013 Amande &#8230;<\/p>\n\n\n\n<p><em>Huiles essentielles&nbsp;: <\/em><\/p>\n\n\n\n<p>Eucalyptus \u2013 Lavande \u2013\nCannelle \u2013 Citronnelle <\/p>\n\n\n\n<p>Nos bougies sont en vente \u00e0 notre boutique dans le centre de La Tour du Pin (Is\u00e8re) ainsi que sur notre boutique\u00a0en\u00a0ligne. <\/p>\n","protected":false},"excerpt":{"rendered":"<p>NOUVEAU: D\u00e9couvrez nos toutes nouvelles bougies \u00ab\u00a0Senteurs d&rsquo;Arb\u00e9\u00a0\u00bb. Nous r\u00e9alisons des bougies 100% naturelles fabriqu\u00e9es de mani\u00e8re artisanale et fran\u00e7aise. Les bougies sont confectionn\u00e9es avec de la cire naturelle de colza et de soja ou de la cire d&rsquo;abeille. Les m\u00e8ches sont en 100% coton. Nos parfums sont directement \u00e9labor\u00e9s<a class=\"moretag\" href=\"https:\/\/xn--arb-dma.fr\/?page_id=133\"> Lire la suite<\/a><\/p>\n","protected":false},"author":1,"featured_media":0,"parent":0,"menu_order":0,"comment_status":"closed","ping_status":"closed","template":"","meta":[],"_links":{"self":[{"href":"https:\/\/xn--arb-dma.fr\/index.php?rest_route=\/wp\/v2\/pages\/133"}],"collection":[{"href":"https:\/\/xn--arb-dma.fr\/index.php?rest_route=\/wp\/v2\/pages"}],"about":[{"href":"https:\/\/xn--arb-dma.fr\/index.php?rest_route=\/wp\/v2\/types\/page"}],"author":[{"embeddable":true,"href":"https:\/\/xn--arb-dma.fr\/index.php?rest_route=\/wp\/v2\/users\/1"}],"replies":[{"embeddable":true,"href":"https:\/\/xn--arb-dma.fr\/index.php?rest_route=%2Fwp%2Fv2%2Fcomments&post=133"}],"version-history":[{"count":12,"href":"https:\/\/xn--arb-dma.fr\/index.php?rest_route=\/wp\/v2\/pages\/133\/revisions"}],"predecessor-version":[{"id":277,"href":"https:\/\/xn--arb-dma.fr\/index.php?rest_route=\/wp\/v2\/pages\/133\/revisions\/277"}],"wp:attachment":[{"href":"https:\/\/xn--arb-dma.fr\/index.php?rest_route=%2Fwp%2Fv2%2Fmedia&parent=133"}],"curies":[{"name":"wp","href":"https:\/\/api.w.org\/{rel}","templated":true}]}}