{"id":29,"date":"2018-08-29T15:35:07","date_gmt":"2018-08-29T13:35:07","guid":{"rendered":"http:\/\/xn--arb-dma.fr\/?page_id=29"},"modified":"2020-02-24T11:15:19","modified_gmt":"2020-02-24T10:15:19","slug":"accueil","status":"publish","type":"page","link":"https:\/\/xn--arb-dma.fr\/?page_id=29","title":{"rendered":"Accueil"},"content":{"rendered":"<p>Bienvenue sur\u00a0<strong>Arb\u00e9<\/strong>.<\/p>\n<p>Notre \u00e9quipe est \u00e0 votre service pour r\u00e9pondre \u00e0 vos besoins de marquages personnalis\u00e9s.<\/p>\n<p>Nous vous proposons de personnaliser textiles et objets selon vos envies !!!<\/p>\n<p>D\u00e9couvrez une large gamme de textiles et d&rsquo;objets \u00e0 personnaliser.<\/p>\n<p>Entreprises, associations, particuliers, &#8230;, nous r\u00e9pondrons du mieux que possible \u00e0 vos demandes !<\/p>\n\n\n<h1 style=\"text-align:center\">Nouveau ! <\/h1>\n\n\n\n<h3 style=\"text-align:center\">Bougie parfum\u00e9e \u00ab\u00a0Senteurs d&rsquo;Arb\u00e9\u00a0\u00bb 100% naturelle<\/h3>\n\n\n\n<div class=\"wp-block-image\"><figure class=\"aligncenter is-resized\"><img loading=\"lazy\" src=\"http:\/\/xn--arb-dma.fr\/wp-content\/uploads\/2020\/02\/7-retouch\u00e9e-2-1024x683.jpg\" alt=\"\" class=\"wp-image-175\" width=\"510\" height=\"339\" srcset=\"https:\/\/xn--arb-dma.fr\/wp-content\/uploads\/2020\/02\/7-retouch\u00e9e-2-1024x683.jpg 1024w, https:\/\/xn--arb-dma.fr\/wp-content\/uploads\/2020\/02\/7-retouch\u00e9e-2-300x200.jpg 300w, https:\/\/xn--arb-dma.fr\/wp-content\/uploads\/2020\/02\/7-retouch\u00e9e-2-768x512.jpg 768w, https:\/\/xn--arb-dma.fr\/wp-content\/uploads\/2020\/02\/7-retouch\u00e9e-2-830x553.jpg 830w, https:\/\/xn--arb-dma.fr\/wp-content\/uploads\/2020\/02\/7-retouch\u00e9e-2-230x153.jpg 230w, https:\/\/xn--arb-dma.fr\/wp-content\/uploads\/2020\/02\/7-retouch\u00e9e-2-350x233.jpg 350w, https:\/\/xn--arb-dma.fr\/wp-content\/uploads\/2020\/02\/7-retouch\u00e9e-2-480x320.jpg 480w\" sizes=\"(max-width: 510px) 100vw, 510px\" \/><\/figure><\/div>\n\n\n\n<p><a href=\"http:\/\/xn--arb-dma.fr\/?page_id=133\">D\u00e9couvrez<\/a> notre tout dernier produit : la bougie parfum\u00e9e 100% naturelle, confectionn\u00e9e dans nos locaux \u00e0 Dolomieu. <\/p>\n","protected":false},"excerpt":{"rendered":"<p>Bienvenue sur\u00a0Arb\u00e9. Notre \u00e9quipe est \u00e0 votre service pour r\u00e9pondre \u00e0 vos besoins de marquages personnalis\u00e9s. Nous vous proposons de personnaliser textiles et objets selon vos envies !!! D\u00e9couvrez une large gamme de textiles et d&rsquo;objets \u00e0 personnaliser. Entreprises, associations, particuliers, &#8230;, nous r\u00e9pondrons du mieux que possible \u00e0 vos<a class=\"moretag\" href=\"https:\/\/xn--arb-dma.fr\/?page_id=29\"> Lire la suite<\/a><\/p>\n","protected":false},"author":1,"featured_media":0,"parent":0,"menu_order":0,"comment_status":"closed","ping_status":"closed","template":"","meta":[],"_links":{"self":[{"href":"https:\/\/xn--arb-dma.fr\/index.php?rest_route=\/wp\/v2\/pages\/29"}],"collection":[{"href":"https:\/\/xn--arb-dma.fr\/index.php?rest_route=\/wp\/v2\/pages"}],"about":[{"href":"https:\/\/xn--arb-dma.fr\/index.php?rest_route=\/wp\/v2\/types\/page"}],"author":[{"embeddable":true,"href":"https:\/\/xn--arb-dma.fr\/index.php?rest_route=\/wp\/v2\/users\/1"}],"replies":[{"embeddable":true,"href":"https:\/\/xn--arb-dma.fr\/index.php?rest_route=%2Fwp%2Fv2%2Fcomments&post=29"}],"version-history":[{"count":10,"href":"https:\/\/xn--arb-dma.fr\/index.php?rest_route=\/wp\/v2\/pages\/29\/revisions"}],"predecessor-version":[{"id":178,"href":"https:\/\/xn--arb-dma.fr\/index.php?rest_route=\/wp\/v2\/pages\/29\/revisions\/178"}],"wp:attachment":[{"href":"https:\/\/xn--arb-dma.fr\/index.php?rest_route=%2Fwp%2Fv2%2Fmedia&parent=29"}],"curies":[{"name":"wp","href":"https:\/\/api.w.org\/{rel}","templated":true}]}}